er when 53 is divided by (n - 8/(-3))*594/36.
9
Suppose -17*j + 2*w = -13*j - 36, 2*w - 12 = -2*j. Calculate the remainder when 81 is divided by (1 - -1) + j/(64/40).
4
Let u(q) = -37*q - 1764. What is the remainder when 574 is divided by u(-48)?
10
Let p = 6991 - 6963. What is the remainder when 279 is divided by p?
27
Let s be (-4)/(-18) + -11 + (-81408)/(-108). Let p = s - 731. What is the remainder when 23 is divided by p?
11
Let g = 559 + -394. What is the remainder when 819 is divided by g?
159
Let v(j) = 18*j**2 - 3*j + 2. Let d = -9 + 7. Calculate the remainder when v(d) is divided by 27.
26
Suppose h - 3 = 2*m, -m + 0*m = -3*h + 14. Suppose h*b + 9 = 2*u, 2*u - 15 = -2*b + b. What is the remainder when 23 is divided by u?
2
Calculate the remainder when 29919 is divided by (4 + -4 + (-20)/12)/((-240)/1584).
10
Let g = 10056 + -8123. What is the remainder when g is divided by 11?
8
What is the remainder when 3 - ((-4)/(-8))/((-16)/2752) is divided by 15?
14
Let c = 32 + -27. Suppose -c*x - 5*p = -75, -26 = -2*x - p + 3*p. Suppose -x*n + 18*n = 324. Calculate the remainder when n is divided by 21.
18
Let t(z) = 8 + 5*z**2 + 4*z**2 - 2*z**3 - 8*z**2. What is the remainder when 36 is divided by t(0)?
4
Let v = 11669 + -11518. What is the remainder when 229 is divided by v?
78
Let d(h) = h + 11. Let g be d(-6). Suppose 0 = -2*k - 3*s + 65, s - 4 = -g*k + 126. What is the remainder when 71 is divided by k?
21
Let k be (4 + -3)/((-706)/235 + 3). What is the remainder when 11 is divided by 0 + 3/2 - k/94?
3
Let m(y) = 496*y + 228. Calculate the remainder when m(23) is divided by 46.
44
Let r = -191 - -198. Suppose 3*g - r*g + 35 = 5*m, m + 65 = 4*g. What is the remainder when 103 is divided by g?
13
Let m(j) = -57*j**2 + 527*j - 25. Let s = -9 - -44. Calculate the remainder when m(9) is divided by s.
31
Suppose -12*j = 43089 - 45789. Calculate the remainder when j is divided by 85.
55
Let o(g) = -8*g - 100. Let h be o(-12). Let w(q) be the first derivative of -q**4/4 - 4*q**3/3 + 9*q - 5. What is the remainder when 33 is divided by w(h)?
6
What is the remainder when (-1359)/(-30) + 12/10*21/(-84) is divided by 9?
0
Suppose -5*h + 234 = 64. Let r = 297065 - 297048. What is the remainder when h is divided by r?
0
Suppose -4*g + 4 = -4*x, x + 16 = -g - 3*g. What is the remainder when 62 is divided by (-3 + 1)*g/2?
2
What is the remainder when 217 is divided by 1 + (-126)/(-14) + 45?
52
Suppose 4*j = -f + 61, 85*f + j = 81*f + 229. Calculate the remainder when 3020 is divided by f.
56
Suppose -3*m + 249 = -7*j + 9*j, -5*j + 410 = 5*m. Suppose 0 = -2*r + 3*q + m, 0 = -2*r + 4*r + 5*q - 61. What is the remainder when r is divided by 10?
8
Let p = 11 + 0. Let b = 193 - -679. Suppose 48*j = -b + 2936. Calculate the remainder when j is divided by p.
10
Suppose -13*p + 1 + 38 = 0. Suppose 33 + p = 3*u. Calculate the remainder when 16 is divided by u.
4
Let c(q) = -429*q - 2552. What is the remainder when 1911 is divided by c(-6)?
19
Let t = 12939 + -10474. Calculate the remainder when t is divided by 24.
17
Let y(r) = -9*r**3 + 2*r**2 + 4*r + 3. Let t be y(-2). Calculate the remainder when ((-10)/6)/(((-400)/312)/10) is divided by 2/10 + 585/t.
5
Suppose 0 = 7*t - 62 - 204. Let g(a) = -a**2 + 17*a - 46. Calculate the remainder when t is divided by g(11).
18
Let p(k) = -k - 10. Let r be p(-22). Let u(z) = z**3 - 9*z**2 - 30*z + 6. What is the remainder when u(r) is divided by 5?
3
Let d(h) = -h**3 - h**2 - 6*h - 3. Calculate the remainder when d(-4) is divided by -9 + 38 - -5 - 7.
15
Suppose 7*a - 8 = -29. Let r be ((-1)/a)/(6/108). What is the remainder when 45 is divided by 160/15*r/4?
13
What is the remainder when ((-4)/6)/(3/9)*-265 is divided by 38?
36
Suppose 0 = 15*m - 15*m + 28*m - 18564. What is the remainder when m is divided by 72?
15
Let j(q) = 81*q**2 - 27*q - 86. Calculate the remainder when j(-4) is divided by 6.
4
Suppose -738 + 232 = i. Let d = i + 512. What is the remainder when 340 is divided by d?
4
Let n(v) = 3*v**3 + 12*v**2 + 22*v - 6. Let g be n(11). Suppose -g = -5*d - 14*d. Calculate the remainder when d is divided by 7.
5
Let f(j) = 2*j + 71. Suppose -57 = 2*o - 0*o - 3*w, 4*o + 5*w + 81 = 0. Calculate the remainder when 83 is divided by f(o).
14
Let t(u) = 88 - u**3 + 7*u**2 + 96 - 6*u - 179. Calculate the remainder when t(4) is divided by 15.
14
Let v = -16064 + 23443. Calculate the remainder when v is divided by 4.
3
Let z = 6111 + -6067. Calculate the remainder when 2768 is divided by z.
40
Let g(s) = -7*s**3 - 6*s**2 - 3*s + 4. Let d be g(-4). Let t = d + -186. Let b = -2038 - -2084. What is the remainder when t is divided by b?
44
Let y be ((2 - -2)*39/6)/2. Suppose 0 = -31*b + 80 + y. Calculate the remainder when 92 is divided by b.
2
Suppose 222 = 3*b + 3*q, -3*b = q - 1 - 223. Calculate the remainder when 1124 is divided by b.
74
Let a(l) = -l + 3. Let z(t) = t**2 - 2*t - 7. Let h be z(3). What is the remainder when (6/4 - (-55)/10) + h is divided by a(2)?
0
Suppose 0 = 3*o + 4*q - 1232, 2*o + 5*q - 784 = 7*q. Calculate the remainder when o is divided by 188.
24
Let h(n) = 23*n + 2. Calculate the remainder when -8 - ((-604)/(-12))/(31/(-93)) is divided by h(2).
47
Suppose -8762 = -42*i + 16*i. Let j = 412 - i. Calculate the remainder when 88 is divided by j.
13
Let g = -19 + 34. Suppose 0 = 465*k - 8700 - 5793 - 103182 + 9330. What is the remainder when k is divided by g?
8
Let h(s) = -2*s**2 - 165*s + 3298. Let n = 41 - -138. What is the remainder when n is divided by h(-99)?
24
Suppose 0 = -2*c - 3*c + 10. Suppose c*t - 25 = t. Suppose t = 5*u - 35. What is the remainder when 45 is divided by u?
9
Let u = 289 + -286. Suppose 5*m = -6*t + u*t + 135, 3*m = 2*t - 71. Calculate the remainder when 75 is divided by t.
35
Let g(j) = -2*j**3 - 5*j**2 + 3. Let a be (-1)/(3 - 33/12). Suppose 3*n - 4*m = 23, -2*m + 39 + 34 = 5*n. What is the remainder when g(a) is divided by n?
12
Let i(w) = -w**3 - 9*w**2 + 22*w + 12. Let u be i(-11). Let v be (112/(-7))/((-21)/u - -2). Let r = v + 94. Calculate the remainder when 116 is divided by r.
26
Suppose -5*j + 17 = 2*g + 5, -5*g - 4*j - 4 = 0. Let v be -2*g/((-24)/(-171)). Suppose -23*i = -20*i - v. Calculate the remainder when i is divided by 5.
4
Let n = -2 + -5. Let p = n - -11. What is the remainder when 78/(-26)*(3 - (-124)/(-12)) is divided by p?
2
Let u(h) = 5*h**2 - 8*h + 5. Let t be u(2). Suppose 2*k = t*k - 161. What is the remainder when 43 is divided by k?
20
Suppose 2*c - 20 = 3*f, 5*f = -3*c - 0*f - 8. Calculate the remainder when c*1 + (0 + -1)*-4 is divided by 2.
0
Suppose -476 = 128*p - 156*p. Suppose 1110 = -0*v + 6*v. What is the remainder when v is divided by p?
15
Let k(l) be the first derivative of -l**2/2 - l - 21. Let j(r) = 2*r + 16. What is the remainder when j(8) is divided by k(-12)?
10
Suppose 4*z - 116 = k, -5*z + 9 = -2*k - 136. Suppose -j + 4*g = -19, -j - 6*g + z = -8*g. What is the remainder when 309 is divided by j?
36
Let v(s) = -s**3 + 8*s**2 + 32*s + 25. Let b(w) = -w**3 - 28*w**2 + 27*w + 36. Calculate the remainder when b(-29) is divided by v(11).
10
Let k = -449 - -454. Suppose -k*y = -25, 3*y - 91 = 5*g - 7*g. What is the remainder when 50 is divided by g?
12
Let y be 0*1/(-9)*1*-1. Suppose -5*n = 7*f - 3*f - 175, n - f - 35 = y. What is the remainder when 133 is divided by n?
28
Suppose 1123 = 15*c + 73. Calculate the remainder when (-1)/(2/(-852))*(-7)/(-14) is divided by c.
3
Let v = 9671 - 9664. What is the remainder when 557 is divided by v?
4
Let c(y) = -y**3 - 22*y**2 - 29*y + 3. Suppose -83*u + 81*u - 42 = 0. Calculate the remainder when c(u) is divided by 43.
42
Suppose 93 = v - 5*q, -4*q = 2*v - q - 134. Let a = 7363 - 7348. What is the remainder when v is divided by a?
13
Let h = -6062 + 6140. Suppose -4*u + 72 = 2*o + o, 5*o - 4*u = 152. Calculate the remainder when h is divided by o.
22
Suppose 21*x - 94 = 137. Suppose 3*q = -x*q + 616. What is the remainder when 259 is divided by q?
39
Let z be 23/7 + (-8)/28. Let b be (42/4)/(z/12). Suppose 16*j = 19*j - b. What is the remainder when 54 is divided by j?
12
Let f = 10081 - 9978. Calculate the remainder when 484 is divided by f.
72
Let r = -13160 - -13186. Calculate the remai